*x - 16. List the prime factors of j.
2, 3
What are the prime factors of (2 - 1)/(6/162)?
3
Let q = 32 - 20. Suppose 0 = 4*v - q - 12. What are the prime factors of 4/(-5)*(-75)/v?
2, 5
Let j(d) = -d**3 + 7*d**2 + d - 3. Let m be j(7). Suppose 114 = m*v - 58. What are the prime factors of v?
43
Let j(x) = 9*x + 3. List the prime factors of j(3).
2, 3, 5
Let j = -12 + -30. What are the prime factors of (j/12)/(2/(-8))?
2, 7
Let z be (-3)/((2/3)/2). What are the prime factors of (-1)/(1/z*1)?
3
Let r(o) = -o**3 + 7*o**2 - 4*o + 6. Let q be r(5). Suppose 3*k - 3*m = 15, 2*k = -5*m - q + 11. What are the prime factors of k - (-16)/(4 - 2)?
2
Let q be 62/(-5) - (-10)/25. Let c = q - -37. What are the prime factors of c?
5
Let o(n) = -n + 1. Let r be o(1). Suppose 3*t + 9 + r = 0. List the prime factors of 132/20 + t/5.
2, 3
Suppose 4*j - 120 = -2*u + 6, -3*j = u - 64. Suppose 2*l - 25 = u. What are the prime factors of l?
43
Let l = 339 - 232. List the prime factors of l.
107
Let n(o) = 12*o + 15. What are the prime factors of n(7)?
3, 11
Let k be 1*-1*(-32)/8. What are the prime factors of (-1)/(2*k/(-112))?
2, 7
Suppose m - 2 = -1. What are the prime factors of 23 + -3 - (m - -2)?
17
Let u be ((-36)/8 - -3)*-54. Suppose 4*g - g - u = 0. List the prime factors of g.
3
Suppose 5*w - 785 = -5*a, 329 = -0*a + 2*a - w. What are the prime factors of a/12*4/3?
2, 3
Let k = -66 + 145. What are the prime factors of k?
79
Suppose 2*q = 5*q + x - 9, 3*q + 3*x = 3. Suppose -q*f = -j - j - 94, 5*f - 4*j = 113. What are the prime factors of f?
5
Let h be (-5)/(1*(1 - 2)). Suppose -h = 5*q - 15. Suppose 0 = -5*v + 3*a + 46, 14 - 4 = q*v - 4*a. What are the prime factors of v?
11
Suppose s - 3 = -3*w, s + 17 = -3*w + 5*w. Let f = s - -31. List the prime factors of f.
2, 11
Let c(h) be the third derivative of h**5/60 + h**4/3 - 2*h**3/3 - 2*h**2. List the prime factors of c(-9).
5
Let o be (2 + 0)*3/2. Suppose 0 = o*s - 4 - 2. Suppose -s*d = 3*d - 100. List the prime factors of d.
2, 5
Let v be (-2)/4 + (-13)/(-2). Let g be (v/(-6))/((-1)/2). Suppose -3*d = -3*c + 45, 33 = g*c + c + d. What are the prime factors of c?
2, 3
Let t(k) = 2*k - 7. Suppose 3*p = 6*p - 24. List the prime factors of t(p).
3
Suppose 4*r + 2 = -5*q, -r - 6*q = -q + 8. Suppose x = -r*x + 27. What are the prime factors of x?
3
Let n = 10 + -8. Let s(v) = 2*v**2 - v**3 - n - 2*v**2 + 0*v**2. List the prime factors of s(-2).
2, 3
Suppose 4*u - 44 - 44 = 0. List the prime factors of u.
2, 11
Let h = 7 - 2. What are the prime factors of h?
5
Let h = -100 - -253. List the prime factors of h.
3, 17
List the prime factors of ((1 - -49) + 0)/2.
5
Let s(z) = -2*z**2 - z - 2. Let t be s(2). Let o = 17 + t. What are the prime factors of o?
5
Let m be 0 + 3 + (-1)/(-1). Let g = 13 + m. Let v = g - 7. List the prime factors of v.
2, 5
Suppose s - 1 = 0, -3*r + 3 = -5*s - 4. Suppose 0 = 4*x + r + 8, -x = 2*f - 35. What are the prime factors of f?
19
Suppose -6*z = -7*z + 4, 0 = 4*v + 2*z - 976. What are the prime factors of v?
2, 11
Let a(u) = 7*u + 3. Let s be a(-2). Let h = 2 + s. What are the prime factors of (28/21)/((-1)/h)?
2, 3
Suppose -3*d + 5 = -5*w, -w + 0*w = 3*d + 1. Suppose 3*g + 5*o = 155, d = -5*g + 3*o + 144 + 69. List the prime factors of g.
3, 5
Let w = -10 + 22. Let t = -3 + w. List the prime factors of t.
3
Suppose 40 = b - 5*b. Suppose -3*r - r = 12. Let w = r - b. What are the prime factors of w?
7
Let b(s) = -s**2 - 10*s - 4. Let u(n) = n**2 + 11*n + 4. Let v(q) = 4*b(q) + 3*u(q). Suppose 5*p = 0, -5*a - p = 9 + 16. List the prime factors of v(a).
2, 3
What are the prime factors of 4 - (0 - (9 + 3))?
2
What are the prime factors of 104/6 - 2/6?
17
Let q(o) = o**3 - 9*o**2 - 9*o - 14. Let k be q(10). Suppose 2*f - 28 = 3*d, 0 = 5*f + 4*d + 14 - 38. Let b = k + f. List the prime factors of b.
2
Let d(w) = -w + 1. Let a(j) = -5*j - 1. Let y(s) = -a(s) - 4*d(s). List the prime factors of y(2).
3, 5
Let k = 116 - 74. What are the prime factors of k?
2, 3, 7
Let q(m) = 2*m**2 - 6*m + 3. Let c be q(6). Let b = c - 21. What are the prime factors of b?
2, 3
Let b be ((-6)/9)/(2/(-27)). Let a(t) = t - 6. Let y be a(b). Suppose -8*r + 3*r + 2*m + 36 = 0, m + y = 0. What are the prime factors of r?
2, 3
Let r = 17 - 13. What are the prime factors of r?
2
Suppose -5*d + 34 = 3*z - 3, 0 = 5*z + 3*d - 35. Suppose -4*u + l + 13 = -6*u, z*u + 47 = 5*l. Let i(c) = -c + 3. List the prime factors of i(u).
11
Suppose -9*h + 14*h - 432 = 3*w, -264 = -3*h - 3*w. List the prime factors of h.
3, 29
Let a be 3 + (0 - -2) + -2. Let g be (3/(-6))/(a/(-24)). Suppose 2*k = g*k - 10. List the prime factors of k.
5
Let n be 4/10 - (-159)/15. Let j = n + -4. List the prime factors of j.
7
Let u be -7*-3*6/63. Let n be 0/u + 0 + 0. Suppose -m + 2 = -n*m. What are the prime factors of m?
2
Suppose -2*i + 0*i = 10, 5*s + 20 = -i. Let m = 14 + s. What are the prime factors of m?
11
Suppose 7*h = 3*h + 8. Suppose 0 = -4*r + 5*u + 32 - 5, 0 = r + h*u + 3. Suppose 0*s - 4*l - 6 = 3*s, -3*s = l - r. What are the prime factors of s?
2
Let q(b) = b**3 + 6*b**2 - 2*b - 1. Let p be q(-5). Suppose -3*a - y = -23, 4*y - p = -4*a + y. What are the prime factors of a?
7
Suppose h - 6*h = -10, -5*h = 5*f - 20. What are the prime factors of 1728/66 + f/(-11)?
2, 13
Suppose 6*k - 2*k + 5*i - 1036 = 0, 5*i = 3*k - 742. What are the prime factors of k?
2, 127
Suppose -3*c - c + 880 = 0. What are the prime factors of c?
2, 5, 11
Let b(w) = -2*w. Let z be b(3). Let k be -11 + (-4)/(z/3). List the prime factors of (-210)/(-27) - 2/k.
2
Let f(d) = -3*d**2 + 26*d + 3. Let t(i) = -i**2 + 9*i + 1. Let k(x) = -2*f(x) + 7*t(x). Let c be k(11). List the prime factors of 208/24 + c/3.
3
Suppose -80 = -3*s + 49. What are the prime factors of s?
43
Suppose -7*w = -10*w + 153. What are the prime factors of w?
3, 17
Let g(t) = 14*t. Let s = -3 - -5. Let q be g(s). Let b = q - 20. What are the prime factors of b?
2
Suppose 4*c = 7*c. Suppose c = -0*l - 3*l + 63. What are the prime factors of l?
3, 7
Suppose 3*z - 228 - 51 = 0. What are the prime factors of z?
3, 31
Let a be (-50)/5 - (3 + -1). Let q be 9/4 - (-3)/a. Suppose -q = -j + 1. List the prime factors of j.
3
Suppose -5*r - 5*q - 391 = -1051, -3*q = 2*r - 265. What are the prime factors of r?
131
Let i(y) = y**2 - 7*y + 2. Let x be i(7). Suppose 5*m = x*c + 4*m - 25, c = -2*m + 10. What are the prime factors of c?
2, 3
Let z(o) = o**2 - 6*o - 12. Let p be z(9). Let i = p - 2. What are the prime factors of i?
13
Let y be 14/5 - (-40)/(-50). Suppose 4*k - 26 = -3*l, -3*l + y*k - 14 = -2*k. What are the prime factors of l?
2
Suppose -z = 3*z + 12. What are the prime factors of 3 + ((-6)/(-1) - z)?
2, 3
Let x(u) = -u**3 + 5*u**2 - 2. Let v(r) = -r**3 - 4*r**2 - 4*r - 3. Let w be v(-3). Let a(s) = s + 4. Let l be a(w). What are the prime factors of x(l)?
2, 7
Let j be (-3 + -9)/((-9)/12). Suppose -2*h + h = -j. List the prime factors of h.
2
Let z = -7 + 2. Let j be 44/10 - 3/z. Suppose d = -j + 13. List the prime factors of d.
2
Let h(y) = -2*y**2 - 3*y - 3. Let q be h(-2). Let z = -1 - q. List the prime factors of z.
2
Let u be 46/14 - (-4)/(-14). Suppose -u*z - 17 = -92. What are the prime factors of z?
5
Let l = -65 + 159. What are the prime factors of l?
2, 47
Suppose -2*w + 3*p - 6 = 0, 0 = -2*w - 2*p - 3*p + 10. Suppose -5*n - 5*g + 5 + 20 = w, -5*g = 4*n - 21. Let f = 8 - n. List the prime factors of f.
2
Suppose -4*p - 290 = -9*p. List the prime factors of p.
2, 29
Let q(g) = -g**3 + 2*g**2 - 5*g + 3. Let b(f) = f**3 - 3*f**2 + 4*f - 4. Let h = -5 - 1. Let y(l) = h*b(l) - 5*q(l). What are the prime factors of y(8)?
17
Let k be 20/(-2) + 2/2. What are the prime factors of (-4)/(-18) + (-124)/k?
2, 7
Let a(w) = -w**3 + 8*w**2. Let m be a(8). Suppose 3*f = -m*f + 84. Suppose -f = -3*k + 5. What are the prime factors of k?
11
Let t(n) = 65*n**2 - 2*n - 2. What are the prime factors of t(-1)?
5, 13
Let d be 1*8*(-175)/(-28). Let r = 71 - d. List the prime factors of r.
3, 7
Let o = -21 + 25. Suppose -w + 210 = o*w - 5*a, 3*w - 120 = -3*a. List the prime factors of w.
41
Let t(d) = -d**2 + 17*d + 12. What are the prime factors of t(16)?
2, 7
Suppose -5*o + 14 = 3*m - 0*m, 3*m - 8 = o. Suppo